d - 19. What are the prime factors of i(-26)?
3, 193
Let x(z) = -z**2 + 8*z + 12. Let b be x(9). Suppose -4*s + 5*y + 121 = 0, -91 = -4*s + 2*y - b*y. What are the prime factors of s?
2, 3
Suppose 1325*d + 17213 = 1332*d. What are the prime factors of d?
2459
Let s = 37 - 9. Let o = 98 - 104. Let w = o + s. What are the prime factors of w?
2, 11
Let z be 192/2 + 1 + 1. Let t = z + -26. List the prime factors of t.
2, 3
Let y = 94 - 85. What are the prime factors of (12 - 0)*111/y?
2, 37
Suppose -2*x = -247 - 311. List the prime factors of x.
3, 31
Let q(p) = p**2 + 3*p. Let z be q(-3). Suppose 2*a - 200 = 4*l, z = 2*a - 5*l - 50 - 153. List the prime factors of a.
2, 47
List the prime factors of (3 + 1 + 1)/(1/127).
5, 127
Let x be ((-2673)/6)/(-9)*(-4)/3. Let i = 116 + -2. Let m = x + i. List the prime factors of m.
2, 3
Let b(h) = -h**3 - 6*h**2 + h + 2. Let y be b(-4). List the prime factors of (-2737)/y - (-6)/4.
2, 41
Let i(d) = -d**3 - 15*d**2 - 17*d - 14. Let o be i(-14). What are the prime factors of (40/o)/(5/35)?
2, 5
Let v = -18 - -16. What are the prime factors of 4 + (-3184)/(-20) + v/10?
163
Let c(s) be the first derivative of -25*s**4/4 - s**2/2 - s + 5. Suppose -r + 18 - 19 = 0. List the prime factors of c(r).
5
Let b(s) = -6*s - 23. Let q = 30 + -44. What are the prime factors of b(q)?
61
Suppose -583*b + 572*b + 28138 = 0. List the prime factors of b.
2, 1279
Let l = -71 + 63. List the prime factors of (-1 + l/(-12))*-162.
2, 3
Let k be (-145)/(-29)*(-2)/(-2). Let a = 71 + -47. Suppose -k*w - a = -6*w. What are the prime factors of w?
2, 3
Let j be (6/8)/(2/(-40)*-5). Suppose j*v = 246 - 39. What are the prime factors of v?
3, 23
Suppose 4*g + 3956 = 2*b, 22*b - 18*b + 2*g = 7952. List the prime factors of b.
2, 3, 331
Let f(r) = r**2 + r. Let y(v) = -v**3 + 6*v**2 - 7*v - 22. Let l(j) = 4*f(j) + y(j). Suppose -2*u + 3*u = 9. List the prime factors of l(u).
2
What are the prime factors of -8 - (-9)/18*2630?
1307
Let z = -4 - -10. Let l be 63 + 3 + z/(-2). Suppose -2*b - b = -l. What are the prime factors of b?
3, 7
Let l = 382 - -25. List the prime factors of l.
11, 37
Suppose 0 = l - h - 424, 4*l + 2*h - 2374 = -678. What are the prime factors of l?
2, 53
Let i(r) = 3*r**2 - 23*r - 16. Let m = 22 - 13. What are the prime factors of i(m)?
2, 5
Let k = 129 - -910. What are the prime factors of k?
1039
Let n be -5*(2 - 63/15*1). What are the prime factors of 2064/22 - (-2)/n?
2, 47
Let j be ((-6)/(-7))/((-3)/21 + 0). Let v = 41 + -29. Let r = v + j. List the prime factors of r.
2, 3
Suppose 15*n = 3386 + 2839. What are the prime factors of n?
5, 83
Suppose 91*d = 104*d - 17966. What are the prime factors of d?
2, 691
Let u = -477 + 1037. What are the prime factors of u?
2, 5, 7
Let n(g) = -g - 1. Let w(d) = -5*d - 4. Let j(q) = 12*n(q) - 3*w(q). List the prime factors of j(7).
3, 7
Let l = 49 - 2. Suppose -5*q = 2*b, -4*b - 1 - 19 = 0. Suppose -v = -q*j + 43, -3*v + 8 = 2*j - l. List the prime factors of j.
23
Suppose -5 = -3*l - 29. What are the prime factors of ((-6)/l)/(((-28)/848)/(-7))?
3, 53
Let v(f) = -117*f - 116. List the prime factors of v(-8).
2, 5, 41
Let y = -25 - -27. Suppose 3*g + 7 = y*l + 4*g, -g + 5 = l. Suppose -2*q = q - l*a - 31, -5*q + 3*a + 50 = 0. What are the prime factors of q?
7
Let l = 505 + -158. What are the prime factors of l?
347
Let m = -73 - -44. Let v = -3 - m. Suppose -v = -f + 3*h, 3*f = f + 4*h + 56. What are the prime factors of f?
2
Let k(s) = -s**3 + 2*s**2 + 11*s + 20. Let j(b) = b**3 + 25*b**2 + 26*b + 42. Let x be j(-24). What are the prime factors of k(x)?
2, 11
Suppose 3964 = 15*a - 26591. List the prime factors of a.
3, 7, 97
Let q(s) = s + 23. Let k be q(-19). What are the prime factors of (-3)/(-1) + 27 + k?
2, 17
Let a be 0 - (5 + -1)/(-2). Let p be (-3)/(-5)*(-55)/(-11). Suppose -5*v + 74 = c, -a*v + 13 = p*c - 27. List the prime factors of v.
2, 7
Let a(r) = 16*r**2 - 3*r - 9. Suppose -4*u + 27 = -13*u. What are the prime factors of a(u)?
2, 3
Suppose 4*a - z - 10658 = 0, -2*a - 4*z = z - 5318. List the prime factors of a.
2, 3, 37
Let k(f) = 5*f**2 - 9*f + 7. Let n be 9 - (1 + -1 + 3). List the prime factors of k(n).
7, 19
Let i = 9 - -16. Suppose -g = i + 1. Let w = g + 68. What are the prime factors of w?
2, 3, 7
Let x = 2 - -13. Let p be x/10*8/6. Suppose p*s - 19 = 51. What are the prime factors of s?
5, 7
Suppose -5*v + 15*v - 9800 = 0. List the prime factors of v.
2, 5, 7
Let v(u) = 2*u**2 - 9*u**2 + 14 - u + 8*u**2 + 50. Let l be v(0). What are the prime factors of ((-38)/8)/((-16)/l)?
19
Let l = -7 - 24. Suppose -450 + 48 = 6*m. Let j = l - m. What are the prime factors of j?
2, 3
Suppose 3*x = 8 + 1. Let i(h) = 2*h**2 + 3*h - 4. What are the prime factors of i(x)?
23
Let n be (-68)/(-11) + (-20)/110. List the prime factors of 256 - (n + (1 - 4)).
11, 23
Let r(q) = 290*q**2 + 20*q + 14. List the prime factors of r(-3).
2, 641
Let z(l) = 2*l**3 + 6*l**2 + 15. Let t be z(7). Suppose 424 = 11*y - t. List the prime factors of y.
3, 43
Suppose -f + 110 = -2*f + l, -5*l = 4*f + 485. Let g = 210 + f. What are the prime factors of g?
5, 19
List the prime factors of (0 + (-7)/(-42))*0 + 2395.
5, 479
Suppose -5*k - 25 = 0, -5*k + 29 + 46 = -4*l. Let q = l + 31. Let w = 9 - q. List the prime factors of w.
3
Let s(k) = -124*k - 13. What are the prime factors of s(-4)?
3, 7, 23
Let j(u) = -u**3 + u**2 - 16*u + 7. List the prime factors of j(-7).
7, 73
Suppose 2*w - q - 5262 = 0, 0 = -72*q + 68*q. What are the prime factors of w?
3, 877
Let c(u) = -203*u + 43. List the prime factors of c(-14).
5, 577
Let h(x) = 3*x + 6. Suppose 0 = -g - 4*g - 5. Let z(q) = 1. Let r(w) = g*h(w) + 12*z(w). List the prime factors of r(-11).
3, 13
Let h = 3503 - 1893. Suppose 11*j - h = 4*j. What are the prime factors of j?
2, 5, 23
Let p(u) = -2*u - 4. Let k be p(-2). Suppose -2*t - t + 9 = k, 2*x - 2*t - 2 = 0. Suppose 0 = -2*y + 6*y - x, -3*i + 59 = 5*y. List the prime factors of i.
2, 3
Let n(x) = 4*x**3 + 3*x**2 - 2*x - 2. Let r be n(-3). Let p = 253 + -142. Let o = r + p. List the prime factors of o.
2, 17
List the prime factors of 1*-5 - (8 - -1870)/(-3).
3, 23
Suppose 4*u = -5*c + 53, -1 = 4*c - 5. Let i(b) be the third derivative of b**6/120 - 11*b**5/60 - 11*b**4/24 - 22*b**2. What are the prime factors of i(u)?
2, 3
What are the prime factors of (1 - -1849)/1 - (-40)/(-10)?
2, 13, 71
Let b(u) = 2*u**2 + 17*u - 11. List the prime factors of b(17).
2, 107
Let s = -38 + 36. Let b(n) = -23*n - 7. What are the prime factors of b(s)?
3, 13
Suppose 0 = 13*y - 34933 - 1207. List the prime factors of y.
2, 5, 139
Suppose 53*h + 2352 = 57*h. What are the prime factors of h?
2, 3, 7
Let u(z) = -161*z + 32. List the prime factors of u(-4).
2, 13
Let p(z) = -2*z**3 - 12*z**2 + 2*z - 28. Let m be p(-14). Suppose -m = -6*l - 4*l. List the prime factors of l.
2, 7, 11
Let w(k) = -18*k - 18. Suppose r - 2*r + 10 = -5*g, 18 = -r - 2*g. List the prime factors of w(r).
2, 3
Let v be (27/12)/((-1)/4). Let u(t) = 4*t. Let y(q) = q - 1. Let p(g) = -u(g) - 2*y(g). What are the prime factors of p(v)?
2, 7
Suppose -8*p + 1261 + 5259 = 0. What are the prime factors of p?
5, 163
Let a = 52 + 41. Let p = a + -76. List the prime factors of p.
17
Let v be (-6)/((-3)/1) + 1. Suppose -2*f + v*l + 16 = 0, -5*f + f + 3*l = -20. Suppose a = -5*m - 2*a + 112, -43 = -f*m - 3*a. List the prime factors of m.
23
Let b = 201 + 753. List the prime factors of b.
2, 3, 53
Let u be 143 + 2 + (-4 - -3). Let l = -99 + u. List the prime factors of l.
3, 5
Let o = -12 - -18. Suppose 15 = -o*f - 15. Let l(c) = -c**2 - 6*c + 4. List the prime factors of l(f).
3
What are the prime factors of 66/((-2 - -1) + 68/60)?
3, 5, 11
Let w(n) = n - 14. Let y be w(13). List the prime factors of (122 - -3)*(0 - y).
5
Let x = 4 + -9. Let g be (-8 + 3)*3/x. Let j = g + -1. What are the prime factors of j?
2
Let f be (-110)/14 - 5/35. Let y = 26 + f. What are the prime factors of (-886)/(-18) + (-4)/y?
7
Suppose 0*p - 2*p = 3*j - 19, -p - 2*j + 12 = 0. Suppose -551 = -2*c - p*c + b, 2*c - 2*b = 280. What are the prime factors of c?
137
What are the prime factors of -49*(8/4 - 5)?
3, 7
Let d(m) = -m**3 + m**2 + 3*m + 806. What are the prime factors of d(